{"id":2624,"date":"2025-06-16T19:26:04","date_gmt":"2025-06-16T19:26:04","guid":{"rendered":"https:\/\/mimusa.pro\/harmonium\/?post_type=team&#038;p=2624"},"modified":"2025-06-30T17:43:17","modified_gmt":"2025-06-30T17:43:17","slug":"javier-ortiz","status":"publish","type":"team","link":"https:\/\/harmonium.es\/pt\/team\/javier-ortiz\/","title":{"rendered":"Javier Ort\u00edz"},"content":{"rendered":"<p>Respons\u00e1vel de Produ\u00e7\u00e3o respons\u00e1vel pela gest\u00e3o, planeamento e fabrico de amostras e do produto final. Oriundo da ind\u00fastria do cal\u00e7ado, partilha os seus elevados padr\u00f5es de acabamento de alta qualidade e o seu compromisso com os prazos de entrega.<\/p>\n\n\n\n<p>Durante estes sete anos na empresa, a tratar de todos os detalhes da produ\u00e7\u00e3o, Javier teve tamb\u00e9m tempo para partilhar connosco a sua paix\u00e3o pela m\u00fasica, desporto e boa organiza\u00e7\u00e3o. Por isso, uma das suas cita\u00e7\u00f5es favoritas \u00e9: \"Por cada minuto gasto a organizar, ganha-se uma hora.\" Benjamim Franklin<\/p>","protected":false},"featured_media":3010,"template":"","meta":{"_acf_changed":false},"class_list":["post-2624","team","type-team","status-publish","has-post-thumbnail","hentry"],"acf":[],"_links":{"self":[{"href":"https:\/\/harmonium.es\/pt\/wp-json\/wp\/v2\/team\/2624","targetHints":{"allow":["GET"]}}],"collection":[{"href":"https:\/\/harmonium.es\/pt\/wp-json\/wp\/v2\/team"}],"about":[{"href":"https:\/\/harmonium.es\/pt\/wp-json\/wp\/v2\/types\/team"}],"version-history":[{"count":2,"href":"https:\/\/harmonium.es\/pt\/wp-json\/wp\/v2\/team\/2624\/revisions"}],"predecessor-version":[{"id":2627,"href":"https:\/\/harmonium.es\/pt\/wp-json\/wp\/v2\/team\/2624\/revisions\/2627"}],"wp:featuredmedia":[{"embeddable":true,"href":"https:\/\/harmonium.es\/pt\/wp-json\/wp\/v2\/media\/3010"}],"wp:attachment":[{"href":"https:\/\/harmonium.es\/pt\/wp-json\/wp\/v2\/media?parent=2624"}],"curies":[{"name":"wp","href":"https:\/\/api.w.org\/{rel}","templated":true}]}}

Javier Ortíz

<p>Responsável de Produção responsável pela gestão, planeamento e fabrico de amostras e do produto final. Oriundo da indústria do calçado, partilha os seus elevados padrões de acabamento de alta qualidade e o seu compromisso com os prazos de entrega.</p>



<p>Durante estes sete anos na empresa, a tratar de todos os detalhes da produção, Javier teve também tempo para partilhar connosco a sua paixão pela música, desporto e boa organização. Por isso, uma das suas citações favoritas é: "Por cada minuto gasto a organizar, ganha-se uma hora." Benjamim Franklin</p>
